{"id":2909,"date":"2021-01-04T21:40:18","date_gmt":"2021-01-04T21:40:18","guid":{"rendered":"http:\/\/www.mediapreparators.com\/politica-de-qualitat\/"},"modified":"2024-12-11T13:36:16","modified_gmt":"2024-12-11T13:36:16","slug":"politica-de-qualitat","status":"publish","type":"page","link":"https:\/\/www.mediapreparators.com\/ca\/politica-de-qualitat\/","title":{"rendered":"Pol\u00edtica de Qualitat"},"content":{"rendered":"\t\t<div data-elementor-type=\"wp-page\" data-elementor-id=\"2909\" class=\"elementor elementor-2909 elementor-78\" data-elementor-post-type=\"page\">\n\t\t\t\t<div class=\"elementor-element elementor-element-27b4ac75 e-flex e-con-boxed e-con e-parent\" data-id=\"27b4ac75\" data-element_type=\"container\" data-settings=\"{&quot;jet_parallax_layout_list&quot;:[]}\">\n\t\t\t\t\t<div class=\"e-con-inner\">\n\t\t\t\t<div class=\"elementor-element elementor-element-2203449d elementor-widget elementor-widget-text-editor\" data-id=\"2203449d\" data-element_type=\"widget\" data-widget_type=\"text-editor.default\">\n\t\t\t\t<div class=\"elementor-widget-container\">\n\t\t\t\t\t\t\t\t\t<p><\/p>\n<p>La Ger\u00e8ncia demostra el seu lideratge i comprom\u00eds pel que fa al sistema de gesti\u00f3 de la qualitat mitjan\u00e7ant la implementaci\u00f3 de la seg\u00fcent Pol\u00edtica de Qualitat:<\/p>\n<p><\/p>\n<h2>Pol\u00edtica de qualitat<\/h2>\n<p><\/p>\n<p>R T ESPINAR S.L., com a dissenyador, fabricant i servei t\u00e8cnic d\u2019equips per a laboratoris i autoclaus per a l\u2019esterilitzaci\u00f3 de productes sanitaris compleix amb tota la legislaci\u00f3 aplicable a la ind\u00fastria d\u2019aparells per a Laboratori i esterilitzaci\u00f3 de productes sanitaris i equips a pressi\u00f3, aix\u00ed com qualsevol altre requisit aplicable.<\/p>\n<p><\/p>\n<p>El Sistema de Gesti\u00f3 de la Qualitat de R T ESPINAR S.L. est\u00e0 descrit en aquest Manual de la Qualitat i detallat en el Manual de Procediments, d\u2019acord amb els requisits de la norma UNE-EN ISO 9001:2015 i la norma ISO 13485:2016.<\/p>\n<p><\/p>\n<p>\u00c9s pol\u00edtica de R T ESPINAR S.L., subministrar en tot moment i a tots els clients productes lliures de defectes dins dels terminis estipulats. El treball en equip \u00e9s vital per a l\u2019\u00e8xit de l\u2019Empresa i, per tant, aquesta pol\u00edtica s\u2019aplica tant als clients externs com als interns. <\/p>\n<p><\/p>\n<p>R T ESPINAR S.L., controla l\u2019estat del seu Sistema de Gesti\u00f3 de la Qualitat per mitj\u00e0 d\u2019Auditories Internes, Revisions per la Direcci\u00f3, retroalimentaci\u00f3 del Client i implementa la millora cont\u00ednua del Sistema de Gesti\u00f3 de la Qualitat.<\/p>\n<p><\/p>\n<p>\u00c9s pol\u00edtica de R T ESPINAR S.L., assegurar que es prenen les mesures pertinents per assegurar la seguretat de les persones.<\/p>\n<p><\/p>\n<p>Es fa necessari, doncs, que la Qualitat sigui entesa, aplicada i posada a el dia en tots els nivells de l\u2019Empresa i a tots els col\u00b7laboradors externs de la mateixa. Cada persona \u00e9s responsable de la Qualitat del seu propi treball. <\/p>\n<p><\/p>\n<p>Un objectiu estrat\u00e8gic de R T ESPINAR S.L. el constitueix un alt nivell de competitivitat en el mercat, alhora que una rendibilitat adequada des del punt de vista intern de l\u2019empresa.<\/p>\n<p><\/p>\n<p>El resultat final \u00e9s el de garantir la consecuci\u00f3 dels seg\u00fcents objectius:<\/p>\n<p><\/p>\n<ul><p><\/p>\n<li>Assegurar la satisfacci\u00f3 dels clients i d\u2019altres parts interessades.<\/li>\n<p><\/p>\n<p><\/p>\n<li>Assegurar la satisfacci\u00f3 dels empleats.<\/li>\n<p><\/p>\n<p><\/p>\n<li>Assegurar l\u2019efic\u00e0cia econ\u00f2mica.<\/li>\n<p><\/p><\/ul>\n<p><\/p>\n<p>Per al compliment d\u2019aquests objectius, la Direcci\u00f3 estableix les mesures necess\u00e0ries per assegurar que el seu Sistema de la Qualitat:<\/p>\n<p><\/p>\n<ul><p><\/p>\n<li>\u00c9s dif\u00f3s a totes les \u00e0rees de l\u2019empresa.<\/li>\n<p><\/p>\n<p><\/p>\n<li>\u00c9s ent\u00e8s.<\/li>\n<p><\/p>\n<p><\/p>\n<li>\u00c9s aplicat.<\/li>\n<p><\/p>\n<p><\/p>\n<li>\u00c9s revisat i posat al dia.<\/li>\n<p><\/p><\/ul>\n<p><\/p>\n<p>La Ger\u00e8ncia adquireix, a m\u00e9s, el comprom\u00eds de proporcionar tots els mitjans materials i humans necessaris per a dur a bon terme la Pol\u00edtica de Qualitat de l\u2019empresa, promovent el pensament basat en riscos.<\/p>\n<p><\/p>\n<p>La Ger\u00e8ncia declara d\u2019obligat compliment les exig\u00e8ncies contingudes en la documentaci\u00f3 que constitueix el Sistema de Gesti\u00f3 de la Qualitat.<\/p>\n<p><\/p>\n<p>A Terrassa, a 29 de juliol de 2024<\/p>\n<p><\/p>\n<p><strong>Ramon Espinar Ballet \u2013 Gerent<\/strong><\/p>\n<p><\/p>\t\t\t\t\t\t\t\t<\/div>\n\t\t\t\t<\/div>\n\t\t\t\t\t<\/div>\n\t\t\t\t<\/div>\n\t\t\t\t<\/div>\n\t\t","protected":false},"excerpt":{"rendered":"","protected":false},"author":9,"featured_media":0,"parent":0,"menu_order":0,"comment_status":"closed","ping_status":"closed","template":"","meta":{"footnotes":""},"class_list":["post-2909","page","type-page","status-publish","hentry"],"_links":{"self":[{"href":"https:\/\/www.mediapreparators.com\/ca\/wp-json\/wp\/v2\/pages\/2909","targetHints":{"allow":["GET"]}}],"collection":[{"href":"https:\/\/www.mediapreparators.com\/ca\/wp-json\/wp\/v2\/pages"}],"about":[{"href":"https:\/\/www.mediapreparators.com\/ca\/wp-json\/wp\/v2\/types\/page"}],"author":[{"embeddable":true,"href":"https:\/\/www.mediapreparators.com\/ca\/wp-json\/wp\/v2\/users\/9"}],"replies":[{"embeddable":true,"href":"https:\/\/www.mediapreparators.com\/ca\/wp-json\/wp\/v2\/comments?post=2909"}],"version-history":[{"count":0,"href":"https:\/\/www.mediapreparators.com\/ca\/wp-json\/wp\/v2\/pages\/2909\/revisions"}],"wp:attachment":[{"href":"https:\/\/www.mediapreparators.com\/ca\/wp-json\/wp\/v2\/media?parent=2909"}],"curies":[{"name":"wp","href":"https:\/\/api.w.org\/{rel}","templated":true}]}}

Política de Qualitat

<div data-elementor-type="wp-page" data-elementor-id="2909" class="elementor elementor-2909 elementor-78" data-elementor-post-type="page">
				<div class="elementor-element elementor-element-27b4ac75 e-flex e-con-boxed e-con e-parent" data-id="27b4ac75" data-element_type="container" data-settings="{&quot;jet_parallax_layout_list&quot;:[]}">
					<div class="e-con-inner">
				<div class="elementor-element elementor-element-2203449d elementor-widget elementor-widget-text-editor" data-id="2203449d" data-element_type="widget" data-widget_type="text-editor.default">
				<div class="elementor-widget-container">
									<p></p>
<p>La Gerència demostra el seu lideratge i compromís pel que fa al sistema de gestió de la qualitat mitjançant la implementació de la següent Política de Qualitat:</p>
<p></p>
<h2>Política de qualitat</h2>
<p></p>
<p>R T ESPINAR S.L., com a dissenyador, fabricant i servei tècnic d’equips per a laboratoris i autoclaus per a l’esterilització de productes sanitaris compleix amb tota la legislació aplicable a la indústria d’aparells per a Laboratori i esterilització de productes sanitaris i equips a pressió, així com qualsevol altre requisit aplicable.</p>
<p></p>
<p>El Sistema de Gestió de la Qualitat de R T ESPINAR S.L. està descrit en aquest Manual de la Qualitat i detallat en el Manual de Procediments, d’acord amb els requisits de la norma UNE-EN ISO 9001:2015 i la norma ISO 13485:2016.</p>
<p></p>
<p>És política de R T ESPINAR S.L., subministrar en tot moment i a tots els clients productes lliures de defectes dins dels terminis estipulats. El treball en equip és vital per a l’èxit de l’Empresa i, per tant, aquesta política s’aplica tant als clients externs com als interns. </p>
<p></p>
<p>R T ESPINAR S.L., controla l’estat del seu Sistema de Gestió de la Qualitat per mitjà d’Auditories Internes, Revisions per la Direcció, retroalimentació del Client i implementa la millora contínua del Sistema de Gestió de la Qualitat.</p>
<p></p>
<p>És política de R T ESPINAR S.L., assegurar que es prenen les mesures pertinents per assegurar la seguretat de les persones.</p>
<p></p>
<p>Es fa necessari, doncs, que la Qualitat sigui entesa, aplicada i posada a el dia en tots els nivells de l’Empresa i a tots els col·laboradors externs de la mateixa. Cada persona és responsable de la Qualitat del seu propi treball. </p>
<p></p>
<p>Un objectiu estratègic de R T ESPINAR S.L. el constitueix un alt nivell de competitivitat en el mercat, alhora que una rendibilitat adequada des del punt de vista intern de l’empresa.</p>
<p></p>
<p>El resultat final és el de garantir la consecució dels següents objectius:</p>
<p></p>
<ul><p></p>
<li>Assegurar la satisfacció dels clients i d’altres parts interessades.</li>
<p></p>
<p></p>
<li>Assegurar la satisfacció dels empleats.</li>
<p></p>
<p></p>
<li>Assegurar l’eficàcia econòmica.</li>
<p></p></ul>
<p></p>
<p>Per al compliment d’aquests objectius, la Direcció estableix les mesures necessàries per assegurar que el seu Sistema de la Qualitat:</p>
<p></p>
<ul><p></p>
<li>És difós a totes les àrees de l’empresa.</li>
<p></p>
<p></p>
<li>És entès.</li>
<p></p>
<p></p>
<li>És aplicat.</li>
<p></p>
<p></p>
<li>És revisat i posat al dia.</li>
<p></p></ul>
<p></p>
<p>La Gerència adquireix, a més, el compromís de proporcionar tots els mitjans materials i humans necessaris per a dur a bon terme la Política de Qualitat de l’empresa, promovent el pensament basat en riscos.</p>
<p></p>
<p>La Gerència declara d’obligat compliment les exigències contingudes en la documentació que constitueix el Sistema de Gestió de la Qualitat.</p>
<p></p>
<p>A Terrassa, a 29 de juliol de 2024</p>
<p></p>
<p><strong>Ramon Espinar Ballet – Gerent</strong></p>
<p></p>								</div>
				</div>
					</div>
				</div>
				</div>
