{"id":2942,"date":"2021-01-04T21:41:20","date_gmt":"2021-01-04T21:41:20","guid":{"rendered":"http:\/\/www.mediapreparators.com\/politica-sui-social-media\/"},"modified":"2023-02-17T11:01:05","modified_gmt":"2023-02-17T11:01:05","slug":"politica-sui-social-media","status":"publish","type":"page","link":"https:\/\/www.mediapreparators.com\/it\/politica-sui-social-media\/","title":{"rendered":"Politica sui social media"},"content":{"rendered":"\n<h4 class=\"wp-block-heading\"><strong>1. Informazioni sulla persona responsabile del trattamento dei dati ospitati sul sito Web ufficiale di R. ESPINAR, SL, sul social network<\/strong><\/h4>\n\n<p>Conformemente all&#8217;obbligo di informazione stabilito dal regolamento (UE) 2016\/679 del 27 aprile (GDPR) e dalla legge organica 3\/2018 del 5 dicembre (LOPDGDD) <strong>R. ESPINAR, SL, <\/strong>Di seguito, il Responsabile desidera informare gli utenti di questo social network della politica in materia di trattamento e protezione dei dati personali di coloro che volontariamente accedono e utilizzano la pagina ufficiale del <strong>RESPONSABILE, <\/strong>in esso. L\u2019accesso e l\u2019utilizzo da parte dell\u2019utente di questa pagina ufficiale del <strong>RESPONSABILE,<\/strong> implica che egli accetti espressamente la presente informativa sulla privacy e che presti il proprio consenso al trattamento dei propri dati personali come in essa previsto. <\/p>\n\n<h4 class=\"wp-block-heading\"><strong>2. Dati di minori o disabili<\/strong><\/h4>\n\n<p>L\u2019accesso e la registrazione a questo social network \u00e8 vietato ai minori di quattordici (14) anni di et\u00e0, pertanto \u00e8 vietato anche l\u2019accesso e l\u2019utilizzo ai minori di quattordici (14 anni) del sito web ufficiale del <strong>RESPONSABILE.<\/strong> D\u2019altra parte, se l\u2019utente \u00e8 incapace, il  <strong>RESPONSABILE, <\/strong>avverte che per l&#8217;accesso e l&#8217;uso di questa pagina ufficiale del <strong>RESPONSABILE,<\/strong> Questo sar\u00e0 espressamente esonerato da qualsiasi responsabilit\u00e0 che possa derivare dall&#8217;uso della sua pagina ufficiale da parte di minori e persone incapaci, detta responsabilit\u00e0 essendo in ogni caso i loro rappresentanti legali.<\/p>\n\n<h4 class=\"wp-block-heading\"><strong>3. Identificazione della ragione sociale del responsabile del fascicolo<\/strong><\/h4>\n\n<p>Si informa l&#8217;utente che il <strong>TITOLARE,<\/strong> con sede legale in <strong>(Pol. Ind. Els Bellots) Avda. del Vall\u00e8s, 322 <\/strong> <strong>&#8211; 08227 Terrassa (Barcellona)<\/strong>, detiene lo status di responsabile dei file e dei trattamenti attraverso i quali i dati personali dell&#8217;utente vengono raccolti e conservati a seguito della registrazione e dell&#8217;utilizzo del sito web ufficiale del <strong>RESPONSABILE, <\/strong>su tale social network, fermo restando il trattamento di cui \u00e8 responsabile il titolare del social network dove \u00e8 ubicata la nostra pagina ufficiale.<\/p>\n\n<h4 class=\"wp-block-heading\"><strong>4. Finalit\u00e0 per le quali vengono utilizzati i dati personali, l&#8217;informativa e il consenso<\/strong><\/h4>\n\n<p>I dati personali forniti volontariamente dall&#8217;utente al <strong>RESPONSABILE, <\/strong>attraverso la sua pagina ufficiale far\u00e0 parte di una responsabilit\u00e0 del trattamento dei dati del <strong>RESPONSABILE, <\/strong>con lo scopo di offrire informazioni sul <strong>RESPONSABILE, <\/strong>via e-mail, fax, SMS, MMS, comunit\u00e0 sociali o qualsiasi altro mezzo elettronico o fisico, presente o futuro, che consenta di effettuare comunicazioni commerciali, inviare newsletter agli utenti che si iscrivono, scambiare informazioni con il <strong>RESPONSABILE, <\/strong>e altri utenti e stabilire comunicazioni con terzi.<\/p>\n\n<p>Dal momento in cui l&#8217;utente utilizza questa pagina ufficiale, presta il suo consenso libero, inequivocabile, specifico, informato ed espresso per il trattamento dei suoi dati personali da parte del <strong>RESPONSABILE,<\/strong> per la corretta fornitura di detti servizi in conformit\u00e0 con le disposizioni di questa politica.<\/p>\n\n<p>L&#8217;utente \u00e8 libero di utilizzare la pagina ufficiale del <strong>RESPONSABILE,<\/strong> in questo social network, quindi nel caso in cui l&#8217;utente non sia d&#8217;accordo con il trattamento dei propri dati per tali scopi, non dovrebbe utilizzarli o fornire i propri dati personali.<\/p>\n\n<p>Attraverso questa pagina ufficiale del <strong>RESPONSABILE,<\/strong> l&#8217;utente pu\u00f2 condividere testi, foto, video e altri tipi di informazioni e\/o contenuti che saranno soggetti sia a questa politica che alle Regole e Condizioni del<\/p>\n\n<p>Piattaforma. L\u2019utente sar\u00e0 responsabile di garantire che tutti i contenuti che pubblica rispettino la legislazione vigente, questa politica e le regole della piattaforma. <\/p>\n\n<p>L\u2019utente pu\u00f2 pubblicare solo su questa pagina ufficiale del <strong>RESPONSABILE,<\/strong> dati personali, fotografie e informazioni o altri contenuti la cui titolarit\u00e0 e titolarit\u00e0 appartengono a lui o rispetto ai quali detiene l\u2019autorizzazione di terzi.<\/p>\n\n<p>Il <strong>RESPONSABILE,<\/strong> avr\u00e0 il diritto di rimuovere da questa pagina ufficiale \u2013 unilateralmente e senza previa comunicazione o autorizzazione da parte dell\u2019utente \u2013 qualsiasi contenuto pubblicato dall\u2019utente quando l\u2019utente viola o viola la legislazione vigente, le regole stabilite in questa politica e il Regole della piattaforma.<\/p>\n\n<h4 class=\"wp-block-heading\"><strong>5. Identificazione dei destinatari nei confronti dei quali il TITOLARE intende effettuare trasferimenti o comunicazioni di dati<\/strong><\/h4>\n\n<p>Si avvisa l\u2019utente che tutte le informazioni ed i contenuti pubblicati sulla pagina ufficiale del <strong>RESPONSABILE,<\/strong> nel social network, potrebbero essere conosciuti dagli altri utenti della pagina ufficiale e della piattaforma del social network. Di conseguenza, tutte le informazioni ed i contenuti pubblicati dall\u2019utente sulla pagina ufficiale del <strong>RESPONSABILE,<\/strong> in questo social network, saranno comunicati al resto degli utenti per la natura stessa del servizio. <\/p>\n\n<p>Il <strong>TITOLARE<\/strong> prevede esclusivamente di effettuare trasferimenti o comunicazioni di dati che, per effetto della normativa vigente, debbano essere effettuati a giudici, tribunali, pubbliche amministrazioni e autorit\u00e0 competenti di natura amministrativa.<\/p>\n\n<h4 class=\"wp-block-heading\"><strong>6. Altri fornitori di servizi di terze parti<\/strong><\/h4>\n\n<p>Il <strong>RESPONSABILE,<\/strong> avverte l\u2019utente che questa entit\u00e0 \u00e8 l\u2019unica responsabile e garantisce la riservatezza, la sicurezza e il trattamento dei dati in conformit\u00e0 con questa politica, rispetto ai dati personali che raccoglie dall\u2019utente attraverso questa pagina ufficiale su questo social network, non avendo alcun tipo di responsabilit\u00e0 in merito ai trattamenti e ai successivi utilizzi dei dati personali che potrebbero essere effettuati sia dal titolare del social network sia da terzi fornitori di servizi della societ\u00e0 dell\u2019informazione che potrebbero accedere a tali dati in motivo della fornitura dei propri servizi o esercizio della propria attivit\u00e0, soggetti terzi che stabiliscono collegamenti ipertestuali al social network, o responsabili di cui il <strong>RESPONSABILE<\/strong> tramite collegamenti ipertestuali ,si riferisce agli utenti allegati a questa pagina ufficiale.  <\/p>\n\n<h4 class=\"wp-block-heading\"><strong>7. Qualit\u00e0 dei dati<\/strong><\/h4>\n\n<p>Il <strong>RESPONSABILE,<\/strong> avverte l&#8217;utente che, salvo l&#8217;esistenza di una rappresentanza legalmente costituita, nessun utente pu\u00f2 utilizzare l&#8217;identit\u00e0 di un&#8217;altra persona e comunicare i propri dati personali, pertanto l&#8217;utente deve sempre tenere conto del fatto che pu\u00f2 fornire solo dati personali corrispondenti ai propri propria identit\u00e0 e che sono adeguati, pertinenti, attuali, esatti e veritieri. In ogni caso, l&#8217;utente deve rispettare la privacy dei terzi, che siano o meno utenti del social network o della pagina ufficiale del <strong>TITOLARE,<\/strong> in esso.<\/p>\n\n<h4 class=\"wp-block-heading\"><strong>8. Diritti che assistono l&#8217;Interessato:<\/strong><\/h4>\n\n<p>Diritto di revocare il consenso in qualsiasi momento.<br\/>Diritto di accesso, rettifica, portabilit\u00e0 e cancellazione dei tuoi dati e limitazione o opposizione al loro trattamento.<img decoding=\"async\" src=\"\" width=\"3\" height=\"4\" alt=\"\" title=\"\"><br\/>Diritto di presentare un reclamo all&#8217;Autorit\u00e0 di controllo (www.aepd.es.) se si ritiene che il trattamento non sia conforme alle normative vigenti.<\/p>\n\n<h4 class=\"wp-block-heading\"><strong>9. Altre informazioni di interesse<\/strong><\/h4>\n\n<p>Il <strong>RESPONSABILE,<\/strong> potr\u00e0 modificare e \/ o sostituire in qualsiasi momento la presente informativa che, a seconda dei casi, sostituir\u00e0, completer\u00e0 e \/ o modificher\u00e0 quella attualmente qui pubblicata. Pertanto, l\u2019utente deve periodicamente accedervi per rimanere aggiornato. <\/p>\n\n<p>L&#8217;utente pu\u00f2 contattare il <strong>RESPONSABILE,<\/strong> tramite il servizio di messaggistica interna del social network o tramite i seguenti indirizzi e recapiti:<\/p>\n\n<p><strong>R. ESPINAR, SL<\/strong><br\/><a href=\"mailto:teresaespinar@raypa.com\" class=\"rank-math-link\">teresaespinar@raypa.com<\/a><\/p>\n\n<p>Allo stesso modo, l&#8217;utente pu\u00f2 consultare le regole e le politiche pubblicate dal proprietario del social network per il suo utilizzo.<\/p>\n","protected":false},"excerpt":{"rendered":"<p>1. Informazioni sulla persona responsabile del trattamento dei dati ospitati sul sito Web ufficiale di R. ESPINAR, SL, sul social network Conformemente all&#8217;obbligo di informazione stabilito dal regolamento (UE) 2016\/679 del 27 aprile (GDPR) e dalla legge organica 3\/2018 del 5 dicembre (LOPDGDD) R. ESPINAR, SL, Di seguito, il Responsabile desidera informare gli utenti di [&hellip;]<\/p>\n","protected":false},"author":9,"featured_media":0,"parent":0,"menu_order":0,"comment_status":"closed","ping_status":"closed","template":"","meta":{"footnotes":""},"class_list":["post-2942","page","type-page","status-publish","hentry"],"_links":{"self":[{"href":"https:\/\/www.mediapreparators.com\/it\/wp-json\/wp\/v2\/pages\/2942","targetHints":{"allow":["GET"]}}],"collection":[{"href":"https:\/\/www.mediapreparators.com\/it\/wp-json\/wp\/v2\/pages"}],"about":[{"href":"https:\/\/www.mediapreparators.com\/it\/wp-json\/wp\/v2\/types\/page"}],"author":[{"embeddable":true,"href":"https:\/\/www.mediapreparators.com\/it\/wp-json\/wp\/v2\/users\/9"}],"replies":[{"embeddable":true,"href":"https:\/\/www.mediapreparators.com\/it\/wp-json\/wp\/v2\/comments?post=2942"}],"version-history":[{"count":0,"href":"https:\/\/www.mediapreparators.com\/it\/wp-json\/wp\/v2\/pages\/2942\/revisions"}],"wp:attachment":[{"href":"https:\/\/www.mediapreparators.com\/it\/wp-json\/wp\/v2\/media?parent=2942"}],"curies":[{"name":"wp","href":"https:\/\/api.w.org\/{rel}","templated":true}]}}

<h4 class="wp-block-heading"><strong>1. Informazioni sulla persona responsabile del trattamento dei dati ospitati sul sito Web ufficiale di R. ESPINAR, SL, sul social network</strong></h4>

<p>Conformemente all&#8217;obbligo di informazione stabilito dal regolamento (UE) 2016/679 del 27 aprile (GDPR) e dalla legge organica 3/2018 del 5 dicembre (LOPDGDD) <strong>R. ESPINAR, SL, </strong>Di seguito, il Responsabile desidera informare gli utenti di questo social network della politica in materia di trattamento e protezione dei dati personali di coloro che volontariamente accedono e utilizzano la pagina ufficiale del <strong>RESPONSABILE, </strong>in esso. L’accesso e l’utilizzo da parte dell’utente di questa pagina ufficiale del <strong>RESPONSABILE,</strong> implica che egli accetti espressamente la presente informativa sulla privacy e che presti il proprio consenso al trattamento dei propri dati personali come in essa previsto. </p>

<h4 class="wp-block-heading"><strong>2. Dati di minori o disabili</strong></h4>

<p>L’accesso e la registrazione a questo social network è vietato ai minori di quattordici (14) anni di età, pertanto è vietato anche l’accesso e l’utilizzo ai minori di quattordici (14 anni) del sito web ufficiale del <strong>RESPONSABILE.</strong> D’altra parte, se l’utente è incapace, il  <strong>RESPONSABILE, </strong>avverte che per l&#8217;accesso e l&#8217;uso di questa pagina ufficiale del <strong>RESPONSABILE,</strong> Questo sarà espressamente esonerato da qualsiasi responsabilità che possa derivare dall&#8217;uso della sua pagina ufficiale da parte di minori e persone incapaci, detta responsabilità essendo in ogni caso i loro rappresentanti legali.</p>

<h4 class="wp-block-heading"><strong>3. Identificazione della ragione sociale del responsabile del fascicolo</strong></h4>

<p>Si informa l&#8217;utente che il <strong>TITOLARE,</strong> con sede legale in <strong>(Pol. Ind. Els Bellots) Avda. del Vallès, 322 </strong> <strong>&#8211; 08227 Terrassa (Barcellona)</strong>, detiene lo status di responsabile dei file e dei trattamenti attraverso i quali i dati personali dell&#8217;utente vengono raccolti e conservati a seguito della registrazione e dell&#8217;utilizzo del sito web ufficiale del <strong>RESPONSABILE, </strong>su tale social network, fermo restando il trattamento di cui è responsabile il titolare del social network dove è ubicata la nostra pagina ufficiale.</p>

<h4 class="wp-block-heading"><strong>4. Finalità per le quali vengono utilizzati i dati personali, l&#8217;informativa e il consenso</strong></h4>

<p>I dati personali forniti volontariamente dall&#8217;utente al <strong>RESPONSABILE, </strong>attraverso la sua pagina ufficiale farà parte di una responsabilità del trattamento dei dati del <strong>RESPONSABILE, </strong>con lo scopo di offrire informazioni sul <strong>RESPONSABILE, </strong>via e-mail, fax, SMS, MMS, comunità sociali o qualsiasi altro mezzo elettronico o fisico, presente o futuro, che consenta di effettuare comunicazioni commerciali, inviare newsletter agli utenti che si iscrivono, scambiare informazioni con il <strong>RESPONSABILE, </strong>e altri utenti e stabilire comunicazioni con terzi.</p>

<p>Dal momento in cui l&#8217;utente utilizza questa pagina ufficiale, presta il suo consenso libero, inequivocabile, specifico, informato ed espresso per il trattamento dei suoi dati personali da parte del <strong>RESPONSABILE,</strong> per la corretta fornitura di detti servizi in conformità con le disposizioni di questa politica.</p>

<p>L&#8217;utente è libero di utilizzare la pagina ufficiale del <strong>RESPONSABILE,</strong> in questo social network, quindi nel caso in cui l&#8217;utente non sia d&#8217;accordo con il trattamento dei propri dati per tali scopi, non dovrebbe utilizzarli o fornire i propri dati personali.</p>

<p>Attraverso questa pagina ufficiale del <strong>RESPONSABILE,</strong> l&#8217;utente può condividere testi, foto, video e altri tipi di informazioni e/o contenuti che saranno soggetti sia a questa politica che alle Regole e Condizioni del</p>

<p>Piattaforma. L’utente sarà responsabile di garantire che tutti i contenuti che pubblica rispettino la legislazione vigente, questa politica e le regole della piattaforma. </p>

<p>L’utente può pubblicare solo su questa pagina ufficiale del <strong>RESPONSABILE,</strong> dati personali, fotografie e informazioni o altri contenuti la cui titolarità e titolarità appartengono a lui o rispetto ai quali detiene l’autorizzazione di terzi.</p>

<p>Il <strong>RESPONSABILE,</strong> avrà il diritto di rimuovere da questa pagina ufficiale – unilateralmente e senza previa comunicazione o autorizzazione da parte dell’utente – qualsiasi contenuto pubblicato dall’utente quando l’utente viola o viola la legislazione vigente, le regole stabilite in questa politica e il Regole della piattaforma.</p>

<h4 class="wp-block-heading"><strong>5. Identificazione dei destinatari nei confronti dei quali il TITOLARE intende effettuare trasferimenti o comunicazioni di dati</strong></h4>

<p>Si avvisa l’utente che tutte le informazioni ed i contenuti pubblicati sulla pagina ufficiale del <strong>RESPONSABILE,</strong> nel social network, potrebbero essere conosciuti dagli altri utenti della pagina ufficiale e della piattaforma del social network. Di conseguenza, tutte le informazioni ed i contenuti pubblicati dall’utente sulla pagina ufficiale del <strong>RESPONSABILE,</strong> in questo social network, saranno comunicati al resto degli utenti per la natura stessa del servizio. </p>

<p>Il <strong>TITOLARE</strong> prevede esclusivamente di effettuare trasferimenti o comunicazioni di dati che, per effetto della normativa vigente, debbano essere effettuati a giudici, tribunali, pubbliche amministrazioni e autorità competenti di natura amministrativa.</p>

<h4 class="wp-block-heading"><strong>6. Altri fornitori di servizi di terze parti</strong></h4>

<p>Il <strong>RESPONSABILE,</strong> avverte l’utente che questa entità è l’unica responsabile e garantisce la riservatezza, la sicurezza e il trattamento dei dati in conformità con questa politica, rispetto ai dati personali che raccoglie dall’utente attraverso questa pagina ufficiale su questo social network, non avendo alcun tipo di responsabilità in merito ai trattamenti e ai successivi utilizzi dei dati personali che potrebbero essere effettuati sia dal titolare del social network sia da terzi fornitori di servizi della società dell’informazione che potrebbero accedere a tali dati in motivo della fornitura dei propri servizi o esercizio della propria attività, soggetti terzi che stabiliscono collegamenti ipertestuali al social network, o responsabili di cui il <strong>RESPONSABILE</strong> tramite collegamenti ipertestuali ,si riferisce agli utenti allegati a questa pagina ufficiale.  </p>

<h4 class="wp-block-heading"><strong>7. Qualità dei dati</strong></h4>

<p>Il <strong>RESPONSABILE,</strong> avverte l&#8217;utente che, salvo l&#8217;esistenza di una rappresentanza legalmente costituita, nessun utente può utilizzare l&#8217;identità di un&#8217;altra persona e comunicare i propri dati personali, pertanto l&#8217;utente deve sempre tenere conto del fatto che può fornire solo dati personali corrispondenti ai propri propria identità e che sono adeguati, pertinenti, attuali, esatti e veritieri. In ogni caso, l&#8217;utente deve rispettare la privacy dei terzi, che siano o meno utenti del social network o della pagina ufficiale del <strong>TITOLARE,</strong> in esso.</p>

<h4 class="wp-block-heading"><strong>8. Diritti che assistono l&#8217;Interessato:</strong></h4>

<p>Diritto di revocare il consenso in qualsiasi momento.<br/>Diritto di accesso, rettifica, portabilità e cancellazione dei tuoi dati e limitazione o opposizione al loro trattamento.<img decoding="async" src="" width="3" height="4" alt="" title=""><br/>Diritto di presentare un reclamo all&#8217;Autorità di controllo (www.aepd.es.) se si ritiene che il trattamento non sia conforme alle normative vigenti.</p>

<h4 class="wp-block-heading"><strong>9. Altre informazioni di interesse</strong></h4>

<p>Il <strong>RESPONSABILE,</strong> potrà modificare e / o sostituire in qualsiasi momento la presente informativa che, a seconda dei casi, sostituirà, completerà e / o modificherà quella attualmente qui pubblicata. Pertanto, l’utente deve periodicamente accedervi per rimanere aggiornato. </p>

<p>L&#8217;utente può contattare il <strong>RESPONSABILE,</strong> tramite il servizio di messaggistica interna del social network o tramite i seguenti indirizzi e recapiti:</p>

<p><strong>R. ESPINAR, SL</strong><br/><a href="mailto:teresaespinar@raypa.com" class="rank-math-link">teresaespinar@raypa.com</a></p>

<p>Allo stesso modo, l&#8217;utente può consultare le regole e le politiche pubblicate dal proprietario del social network per il suo utilizzo.</p>
