{"id":2944,"date":"2021-01-04T21:40:02","date_gmt":"2021-01-04T21:40:02","guid":{"rendered":"http:\/\/www.mediapreparators.com\/politica-sulla-riservatezza\/"},"modified":"2023-02-16T13:02:58","modified_gmt":"2023-02-16T13:02:58","slug":"politica-sulla-riservatezza","status":"publish","type":"page","link":"https:\/\/www.mediapreparators.com\/it\/politica-sulla-riservatezza\/","title":{"rendered":"Politica sulla riservatezza"},"content":{"rendered":"\n<p><strong>1. INFORMAZIONE GENERALE<\/strong><\/p>\n\n<p>Lo scopo di questa \u201cPrivacy and Data Protection Policy\u201d \u00e8 quello di far conoscere le condizioni che regolano la raccolta e il trattamento dei tuoi dati personali da parte della nostra azienda per garantire i diritti fondamentali, il tuo onore e le tue libert\u00e0, tutto nel rispetto delle normative vigenti che regolano la Protezione dei Dati Personali in conformit\u00e0 al Regolamento Generale (UE) sulla Protezione dei Dati e Legge Organica 3\/2018, del 5 dicembre, sulla Protezione dei Dati Personali e Garanzia dei Diritti Digitali.<\/p>\n\n<p>In conformit\u00e0 con queste normative, ti informiamo di tutti i dettagli di tuo interesse in merito a come eseguiamo questi processi, per quali scopi, quali altre entit\u00e0 possono avere accesso ai tuoi dati e quali sono i tuoi diritti.<\/p>\n\n<p><strong>2.- RESPONSABILE DEL TRATTAMENTO<\/strong><\/p>\n\n<p><strong>Chi raccoglie e tratta i tuoi dati?<\/strong><\/p>\n\n<p>Il Titolare del trattamento \u00e8 quella persona fisica o giuridica, di natura pubblica o privata, o ente amministrativo, che da solo o insieme ad altri determina le finalit\u00e0 ed i mezzi del trattamento dei dati personali; Nel caso in cui le finalit\u00e0 e le modalit\u00e0 del trattamento siano determinate dalla legge dell\u2019Unione Europea o dello Stato membro spagnolo.<br\/>In questo caso i nostri dati identificativi sono:<\/p>\n\n<p>Responsabile del trattamento: R. ESPINAR, SL,<br\/>CIF: B58468992<br\/>Indirizzo: Avenida del Vall\u00e8s, 322, Pol\u00edgono Industrial \u201cEls Bellots\u201d, 08227 Terrassa (Barcelona)<br\/>E-mail: raypa@raypa.com<br\/>Telefono: 937830720<\/p>\n\n<p><strong>3.- FINALIT\u00c0 DEL TRATTAMENTO<\/strong><\/p>\n\n<p>In alcuni casi, abbiamo bisogno del tuo consenso per raccogliere ed elaborare i tuoi dati personali, motivo per cui descriveremo in dettaglio gli usi e gli scopi previsti di seguito.<\/p>\n\n<p>\u2013 Comunicazioni: pubblicit\u00e0 e comunicazioni di attivit\u00e0 \u2013 Domande e richieste di informazioni: rispondere alla richiesta. \u2013 Candidature di lavoro: partecipare ai processi di selezione dell\u2019azienda. \u2013 Clienti e fornitori: gestire il rapporto d\u2019affari. \u2013 Persone di contatto per clienti e fornitori: mantenere rapporti commerciali con le loro organizzazioni.   <\/p>\n\n<p><strong>4.- LEGITTIMAZIONE DEL TRATTAMENTO<\/strong><\/p>\n\n<p>La raccolta e il trattamento dei tuoi dati \u00e8 sempre legittimato da una o pi\u00f9 basi giuridiche, di seguito dettagliate:<\/p>\n\n<p>\u2013 Comunicazioni: nel caso di clienti un legittimo interesse al marketing diretto (art. 21.2 Legge 34\/2002). Nel caso di potenziali clienti, il consenso esplicito dell\u2019interessato (art. 21.1 Legge 34\/2002). \u2013 Domande e richieste di informazioni: un interesse legittimo al servizio ai clienti e\/o alle parti interessate. \u2013 Candidature: il consenso esplicito dell\u2019interessato \u2013 Clienti e Fornitori: adempimenti contrattuali. \u2013 Persone di contatto di Clienti e Fornitori: un interesse legittimo del Responsabile (Art 19 LOPDyGDD)   <\/p>\n\n<p>Hai il diritto di revocare il consenso prestato in qualsiasi momento.<\/p>\n\n<p><strong>5.- PROVENIENZA E TIPI DI DATI TRATTATI<\/strong><\/p>\n\n<p><strong>Da dove abbiamo preso i tuoi dati?<\/strong><\/p>\n\n<p>L\u2019interessato o il suo legale rappresentante.<\/p>\n\n<p><strong>Quali tipi di dati raccogliamo ed elaboriamo?<\/strong><\/p>\n\n<p>\u2013 Dati identificativi. \u2013 Indirizzo elettronico. \u2013 Indirizzo postale. \u2013 NIF \/ NIE \/ Passaporto. \u2013 Nome e cognome. \u2013 Telefono.     <\/p>\n\n<p>I candidati al lavoro sono anche coperti dai dettagli sull\u2019occupazione e dai dati accademici descritti nel curriculum vitae.<\/p>\n\n<p>Dei clienti e fornitori, persona fisica, verranno trattate anche le coordinate bancarie (numero di conto corrente).<\/p>\n\n<p><strong>6.- PERIODI DI CONSERVAZIONE DEI DATI<\/strong><\/p>\n\n<p>Trattiamo i tuoi dati per il tempo strettamente necessario per adempiere alle finalit\u00e0 sopra indicate, potendo revocare il consenso prestato in qualsiasi momento, salvo che non sussista un obbligo o obbligo di legge e, comunque:<\/p>\n\n<p>\u2013 Dati comunicazioni commerciali: saranno trattati fino a quando l\u2019interessato non dichiari diversamente. \u2013 Informazioni su richieste e richieste di informazioni: le conserviamo per 1 anno dalla data in cui \u00e8 stata effettuata la richiesta o la richiesta. \u2013 Dati dei candidati al lavoro: li conserviamo per 1 anno dalla presentazione del CV. \u2013 Dati del cliente e del fornitore: fino alla durata del rapporto contrattuale e fino a 6 anni, ai sensi dell\u2019articolo 30 del Codice del Commercio. \u2013 Dati delle persone di contatto di clienti e\/o fornitori: fino a 6 anni per la durata del rapporto contrattuale, ai sensi dell\u2019articolo 30 del Codice di Commercio    <\/p>\n\n<p><strong>7.- MISURE DI SICUREZZA<\/strong><\/p>\n\n<p>Cosa facciamo per garantire la riservatezza dei tuoi dati?<\/p>\n\n<p>La nostra azienda adotta le misure organizzative e tecniche necessarie per garantire la sicurezza e la riservatezza dei tuoi dati, evitarne l\u2019alterazione, la perdita, il trattamento o l\u2019accesso non autorizzato, a seconda dello stato della tecnologia, della natura dei dati archiviati e dei rischi coinvolti.<\/p>\n\n<p>Tra le altre, spiccano le seguenti misure:<\/p>\n\n<p>\u2013 Garantire la riservatezza, l\u2019integrit\u00e0, la disponibilit\u00e0 e la resilienza permanente dei sistemi e dei servizi di trattamento. \u2013 Ripristinare rapidamente la disponibilit\u00e0 e l\u2019accesso ai dati personali, in caso di incidente fisico o tecnico. \u2013 Verificare e valutare, periodicamente, l\u2019efficacia delle misure tecniche e organizzative messe in atto per garantire la sicurezza del trattamento. \u2013 Pseudonimizzare e crittografare i dati personali, nel caso di dati sensibili.   <\/p>\n\n<p><strong>8.- DESTINATARI DEI TUOI DATI<\/strong><\/p>\n\n<p>Ti informiamo che non comunichiamo i tuoi dati a societ\u00e0 terze, nonch\u00e9 trasferimenti internazionali di dati personali al di fuori dell\u2019Unione Europea.<\/p>\n\n<p><strong>9.- DIRITTI DEGLI INTERESSATI<\/strong><\/p>\n\n<p>Le attuali normative sulla protezione dei dati ti tutelano in una serie di diritti in relazione all\u2019uso che diamo ai tuoi dati. Ciascuno dei tuoi diritti \u00e8 unipersonale e non trasferibile, ovvero pu\u00f2 essere esercitato solo dal proprietario dei dati, previa verifica della sua identit\u00e0. <\/p>\n\n<p>Successivamente, indichiamo quali sono i diritti che ti assistono:<\/p>\n\n<p>\u2013 Accesso.- L\u2019interessato avr\u00e0 diritto di ottenere dal responsabile del trattamento la conferma che sia o meno in corso un trattamento di dati che lo riguardano, nonch\u00e9 informazioni dettagliate su determinati aspetti del trattamento che si sta effettuando.<\/p>\n\n<p>\u2013 Rettifica.- L\u2019interessato avr\u00e0 diritto di ottenere la rettifica dei dati personali inesatti che lo riguardano o di completare quelli incompleti.<\/p>\n\n<p>\u2013 Cancellazione.- L\u2019interessato avr\u00e0 diritto di richiedere la cancellazione dei propri dati personali, in ogni caso la cancellazione sar\u00e0 soggetta ai limiti stabiliti dalla normativa normativa.<\/p>\n\n<p>\u2013 Limitazione del trattamento \u2013 L\u2019interessato avr\u00e0 diritto di richiedere la limitazione del trattamento dei propri dati personali.<\/p>\n\n<p>\u2013 Opposizione al trattamento.- In determinate circostanze e per motivi connessi alla loro situazione particolare, gli interessati possono opporsi al trattamento dei loro dati. R. ESPINAR, S.L. interromper\u00e0 l\u2019elaborazione dei dati, salvo per motivi legittimi e impellenti, o l\u2019esercizio o la difesa di possibili reclami.<\/p>\n\n<p>\u2013 Diritto alla portabilit\u00e0 dei tuoi dati \u2013 Cio\u00e8, avrai il diritto di ricevere i dati personali che ti riguardano, che hai fornito a un titolare del trattamento, in un formato strutturato, di uso comune e di lettura meccanica, e di trasmetterli ad un altro titolare del trattamento.<\/p>\n\n<p>\u2013 Diritto di revocare il consenso in qualsiasi momento.<\/p>\n\n<p>\u2013 Diritto di presentare un RECLAMO in materia di protezione dei dati dinanzi all\u2019Autorit\u00e0 di controllo: Agenzia Spagnola per la Protezione dei Dati.<\/p>\n\n<p><strong>Come puoi esercitare i tuoi diritti in relazione ai tuoi dati?<\/strong><\/p>\n\n<p>Per esercitare i tuoi diritti di accesso, rettifica, cancellazione, portabilit\u00e0, opposizione, limitazione del trattamento e revoca del tuo consenso, puoi scrivere a R. ESPINAR, SL, Avenida del Vall\u00e8s, 322, Pol\u00edgono Industrial \u201cEls Bellots\u201d, 08227 Terrassa (Barcelona) o tramite e-mail a rgpd@raypa.com, allegando, in ogni caso, una copia del tuo documento d\u2019identit\u00e0, passaporto o documento equivalente che ti identifica.<\/p>\n\n<p><strong>Come puoi fare un reclamo?<\/strong><\/p>\n\n<p>Oltre ai diritti che ti assistono, se ritieni che i tuoi dati non siano trattati in conformit\u00e0 con le attuali normative sulla protezione dei dati, puoi presentare un reclamo all\u2019Autorit\u00e0 di controllo corrispondente, di cui indichiamo di seguito i dati di contatto:<\/p>\n\n<p>Agenzia Spagnola per la Protezione dei Dati, C\/ Jorge Juan, 6. 28001, Madrid, Spagna; E-mail: info@agpd.es \u2013 Telefono: 912663517 \u2013 Web: www.agpd.es  <\/p>\n","protected":false},"excerpt":{"rendered":"<p>1. INFORMAZIONE GENERALE Lo scopo di questa \u201cPrivacy and Data Protection Policy\u201d \u00e8 quello di far conoscere le condizioni che regolano la raccolta e il trattamento dei tuoi dati personali da parte della nostra azienda per garantire i diritti fondamentali, il tuo onore e le tue libert\u00e0, tutto nel rispetto delle normative vigenti che regolano [&hellip;]<\/p>\n","protected":false},"author":9,"featured_media":0,"parent":0,"menu_order":0,"comment_status":"closed","ping_status":"closed","template":"","meta":{"footnotes":""},"class_list":["post-2944","page","type-page","status-publish","hentry"],"_links":{"self":[{"href":"https:\/\/www.mediapreparators.com\/it\/wp-json\/wp\/v2\/pages\/2944","targetHints":{"allow":["GET"]}}],"collection":[{"href":"https:\/\/www.mediapreparators.com\/it\/wp-json\/wp\/v2\/pages"}],"about":[{"href":"https:\/\/www.mediapreparators.com\/it\/wp-json\/wp\/v2\/types\/page"}],"author":[{"embeddable":true,"href":"https:\/\/www.mediapreparators.com\/it\/wp-json\/wp\/v2\/users\/9"}],"replies":[{"embeddable":true,"href":"https:\/\/www.mediapreparators.com\/it\/wp-json\/wp\/v2\/comments?post=2944"}],"version-history":[{"count":0,"href":"https:\/\/www.mediapreparators.com\/it\/wp-json\/wp\/v2\/pages\/2944\/revisions"}],"wp:attachment":[{"href":"https:\/\/www.mediapreparators.com\/it\/wp-json\/wp\/v2\/media?parent=2944"}],"curies":[{"name":"wp","href":"https:\/\/api.w.org\/{rel}","templated":true}]}}

<p><strong>1. INFORMAZIONE GENERALE</strong></p>

<p>Lo scopo di questa “Privacy and Data Protection Policy” è quello di far conoscere le condizioni che regolano la raccolta e il trattamento dei tuoi dati personali da parte della nostra azienda per garantire i diritti fondamentali, il tuo onore e le tue libertà, tutto nel rispetto delle normative vigenti che regolano la Protezione dei Dati Personali in conformità al Regolamento Generale (UE) sulla Protezione dei Dati e Legge Organica 3/2018, del 5 dicembre, sulla Protezione dei Dati Personali e Garanzia dei Diritti Digitali.</p>

<p>In conformità con queste normative, ti informiamo di tutti i dettagli di tuo interesse in merito a come eseguiamo questi processi, per quali scopi, quali altre entità possono avere accesso ai tuoi dati e quali sono i tuoi diritti.</p>

<p><strong>2.- RESPONSABILE DEL TRATTAMENTO</strong></p>

<p><strong>Chi raccoglie e tratta i tuoi dati?</strong></p>

<p>Il Titolare del trattamento è quella persona fisica o giuridica, di natura pubblica o privata, o ente amministrativo, che da solo o insieme ad altri determina le finalità ed i mezzi del trattamento dei dati personali; Nel caso in cui le finalità e le modalità del trattamento siano determinate dalla legge dell’Unione Europea o dello Stato membro spagnolo.<br/>In questo caso i nostri dati identificativi sono:</p>

<p>Responsabile del trattamento: R. ESPINAR, SL,<br/>CIF: B58468992<br/>Indirizzo: Avenida del Vallès, 322, Polígono Industrial “Els Bellots”, 08227 Terrassa (Barcelona)<br/>E-mail: raypa@raypa.com<br/>Telefono: 937830720</p>

<p><strong>3.- FINALITÀ DEL TRATTAMENTO</strong></p>

<p>In alcuni casi, abbiamo bisogno del tuo consenso per raccogliere ed elaborare i tuoi dati personali, motivo per cui descriveremo in dettaglio gli usi e gli scopi previsti di seguito.</p>

<p>– Comunicazioni: pubblicità e comunicazioni di attività – Domande e richieste di informazioni: rispondere alla richiesta. – Candidature di lavoro: partecipare ai processi di selezione dell’azienda. – Clienti e fornitori: gestire il rapporto d’affari. – Persone di contatto per clienti e fornitori: mantenere rapporti commerciali con le loro organizzazioni.   </p>

<p><strong>4.- LEGITTIMAZIONE DEL TRATTAMENTO</strong></p>

<p>La raccolta e il trattamento dei tuoi dati è sempre legittimato da una o più basi giuridiche, di seguito dettagliate:</p>

<p>– Comunicazioni: nel caso di clienti un legittimo interesse al marketing diretto (art. 21.2 Legge 34/2002). Nel caso di potenziali clienti, il consenso esplicito dell’interessato (art. 21.1 Legge 34/2002). – Domande e richieste di informazioni: un interesse legittimo al servizio ai clienti e/o alle parti interessate. – Candidature: il consenso esplicito dell’interessato – Clienti e Fornitori: adempimenti contrattuali. – Persone di contatto di Clienti e Fornitori: un interesse legittimo del Responsabile (Art 19 LOPDyGDD)   </p>

<p>Hai il diritto di revocare il consenso prestato in qualsiasi momento.</p>

<p><strong>5.- PROVENIENZA E TIPI DI DATI TRATTATI</strong></p>

<p><strong>Da dove abbiamo preso i tuoi dati?</strong></p>

<p>L’interessato o il suo legale rappresentante.</p>

<p><strong>Quali tipi di dati raccogliamo ed elaboriamo?</strong></p>

<p>– Dati identificativi. – Indirizzo elettronico. – Indirizzo postale. – NIF / NIE / Passaporto. – Nome e cognome. – Telefono.     </p>

<p>I candidati al lavoro sono anche coperti dai dettagli sull’occupazione e dai dati accademici descritti nel curriculum vitae.</p>

<p>Dei clienti e fornitori, persona fisica, verranno trattate anche le coordinate bancarie (numero di conto corrente).</p>

<p><strong>6.- PERIODI DI CONSERVAZIONE DEI DATI</strong></p>

<p>Trattiamo i tuoi dati per il tempo strettamente necessario per adempiere alle finalità sopra indicate, potendo revocare il consenso prestato in qualsiasi momento, salvo che non sussista un obbligo o obbligo di legge e, comunque:</p>

<p>– Dati comunicazioni commerciali: saranno trattati fino a quando l’interessato non dichiari diversamente. – Informazioni su richieste e richieste di informazioni: le conserviamo per 1 anno dalla data in cui è stata effettuata la richiesta o la richiesta. – Dati dei candidati al lavoro: li conserviamo per 1 anno dalla presentazione del CV. – Dati del cliente e del fornitore: fino alla durata del rapporto contrattuale e fino a 6 anni, ai sensi dell’articolo 30 del Codice del Commercio. – Dati delle persone di contatto di clienti e/o fornitori: fino a 6 anni per la durata del rapporto contrattuale, ai sensi dell’articolo 30 del Codice di Commercio    </p>

<p><strong>7.- MISURE DI SICUREZZA</strong></p>

<p>Cosa facciamo per garantire la riservatezza dei tuoi dati?</p>

<p>La nostra azienda adotta le misure organizzative e tecniche necessarie per garantire la sicurezza e la riservatezza dei tuoi dati, evitarne l’alterazione, la perdita, il trattamento o l’accesso non autorizzato, a seconda dello stato della tecnologia, della natura dei dati archiviati e dei rischi coinvolti.</p>

<p>Tra le altre, spiccano le seguenti misure:</p>

<p>– Garantire la riservatezza, l’integrità, la disponibilità e la resilienza permanente dei sistemi e dei servizi di trattamento. – Ripristinare rapidamente la disponibilità e l’accesso ai dati personali, in caso di incidente fisico o tecnico. – Verificare e valutare, periodicamente, l’efficacia delle misure tecniche e organizzative messe in atto per garantire la sicurezza del trattamento. – Pseudonimizzare e crittografare i dati personali, nel caso di dati sensibili.   </p>

<p><strong>8.- DESTINATARI DEI TUOI DATI</strong></p>

<p>Ti informiamo che non comunichiamo i tuoi dati a società terze, nonché trasferimenti internazionali di dati personali al di fuori dell’Unione Europea.</p>

<p><strong>9.- DIRITTI DEGLI INTERESSATI</strong></p>

<p>Le attuali normative sulla protezione dei dati ti tutelano in una serie di diritti in relazione all’uso che diamo ai tuoi dati. Ciascuno dei tuoi diritti è unipersonale e non trasferibile, ovvero può essere esercitato solo dal proprietario dei dati, previa verifica della sua identità. </p>

<p>Successivamente, indichiamo quali sono i diritti che ti assistono:</p>

<p>– Accesso.- L’interessato avrà diritto di ottenere dal responsabile del trattamento la conferma che sia o meno in corso un trattamento di dati che lo riguardano, nonché informazioni dettagliate su determinati aspetti del trattamento che si sta effettuando.</p>

<p>– Rettifica.- L’interessato avrà diritto di ottenere la rettifica dei dati personali inesatti che lo riguardano o di completare quelli incompleti.</p>

<p>– Cancellazione.- L’interessato avrà diritto di richiedere la cancellazione dei propri dati personali, in ogni caso la cancellazione sarà soggetta ai limiti stabiliti dalla normativa normativa.</p>

<p>– Limitazione del trattamento – L’interessato avrà diritto di richiedere la limitazione del trattamento dei propri dati personali.</p>

<p>– Opposizione al trattamento.- In determinate circostanze e per motivi connessi alla loro situazione particolare, gli interessati possono opporsi al trattamento dei loro dati. R. ESPINAR, S.L. interromperà l’elaborazione dei dati, salvo per motivi legittimi e impellenti, o l’esercizio o la difesa di possibili reclami.</p>

<p>– Diritto alla portabilità dei tuoi dati – Cioè, avrai il diritto di ricevere i dati personali che ti riguardano, che hai fornito a un titolare del trattamento, in un formato strutturato, di uso comune e di lettura meccanica, e di trasmetterli ad un altro titolare del trattamento.</p>

<p>– Diritto di revocare il consenso in qualsiasi momento.</p>

<p>– Diritto di presentare un RECLAMO in materia di protezione dei dati dinanzi all’Autorità di controllo: Agenzia Spagnola per la Protezione dei Dati.</p>

<p><strong>Come puoi esercitare i tuoi diritti in relazione ai tuoi dati?</strong></p>

<p>Per esercitare i tuoi diritti di accesso, rettifica, cancellazione, portabilità, opposizione, limitazione del trattamento e revoca del tuo consenso, puoi scrivere a R. ESPINAR, SL, Avenida del Vallès, 322, Polígono Industrial “Els Bellots”, 08227 Terrassa (Barcelona) o tramite e-mail a rgpd@raypa.com, allegando, in ogni caso, una copia del tuo documento d’identità, passaporto o documento equivalente che ti identifica.</p>

<p><strong>Come puoi fare un reclamo?</strong></p>

<p>Oltre ai diritti che ti assistono, se ritieni che i tuoi dati non siano trattati in conformità con le attuali normative sulla protezione dei dati, puoi presentare un reclamo all’Autorità di controllo corrispondente, di cui indichiamo di seguito i dati di contatto:</p>

<p>Agenzia Spagnola per la Protezione dei Dati, C/ Jorge Juan, 6. 28001, Madrid, Spagna; E-mail: info@agpd.es – Telefono: 912663517 – Web: www.agpd.es  </p>

<p>1. INFORMAZIONE GENERALE Lo scopo di questa “Privacy and Data Protection Policy” è quello di far conoscere le condizioni che regolano la raccolta e il trattamento dei tuoi dati personali da parte della nostra azienda per garantire i diritti fondamentali, il tuo onore e le tue libertà, tutto nel rispetto delle normative vigenti che regolano [&hellip;]</p>
